{"id":290,"date":"2016-02-12T20:45:11","date_gmt":"2016-02-12T17:45:11","guid":{"rendered":"http:\/\/mielenaukea.fi\/?page_id=290"},"modified":"2016-02-12T21:20:22","modified_gmt":"2016-02-12T18:20:22","slug":"tekijanoikeuksista","status":"publish","type":"page","link":"http:\/\/mielenaukea.fi\/?page_id=290","title":{"rendered":"TEKIJ\u00c4NOIKEUKSISTA"},"content":{"rendered":"<p>T\u00e4ll\u00e4 sivulla esitetyt menetelm\u00e4t, ohjeet ja muu vastaava sis\u00e4lt\u00f6 on parhaan tietoni mukaan vapaata riistaa jokaisen k\u00e4ytt\u00e4\u00e4 parhaalla katsomallaan tavalla. Vastuu on k\u00e4ytt\u00e4j\u00e4ll\u00e4. Useimmat menetelm\u00e4t eiv\u00e4t ole minun kehitt\u00e4mi\u00e4ni ja olenkin lis\u00e4nnyt l\u00e4hteen menetelmiin joiden alkuper\u00e4st\u00e4 olen tietoinen.<\/p>\n<p>Oman k\u00e4sitykseni mukaan tekij\u00e4noikeuslaki ei suojaa itse menetelmi\u00e4, vaikka se niiden esitystapaa esim. kirjoissa voikin suojata. Mik\u00e4li kuitenkin t\u00f6rm\u00e4\u00e4t sivustolla johonkin sis\u00e4lt\u00f6\u00f6n joka mielest\u00e4si ei tulisi olla vapaasti levitett\u00e4viss\u00e4, voit ottaa yhteytt\u00e4 s\u00e4hk\u00f6postitse (asiakaspalvelu[at]mielenaukea.fi). P\u00e4\u00e4semme varmasti yhteisymm\u00e4rrykseen.<\/p>\n<p>T: Timo<\/p>\n<p><a href=\"http:\/\/www.finlex.fi\/fi\/laki\/ajantasa\/1961\/19610404\">Tekij\u00e4noikeuslaki (www.finlex.fi)<\/a><\/p>\n<p>&nbsp;<\/p>\n","protected":false},"excerpt":{"rendered":"<p>T\u00e4ll\u00e4 sivulla esitetyt menetelm\u00e4t, ohjeet ja muu vastaava sis\u00e4lt\u00f6 on parhaan tietoni mukaan vapaata riistaa jokaisen k\u00e4ytt\u00e4\u00e4 parhaalla katsomallaan tavalla. Vastuu on k\u00e4ytt\u00e4j\u00e4ll\u00e4. Useimmat menetelm\u00e4t eiv\u00e4t ole minun kehitt\u00e4mi\u00e4ni ja olenkin lis\u00e4nnyt l\u00e4hteen menetelmiin joiden alkuper\u00e4st\u00e4 olen tietoinen. Oman k\u00e4sitykseni &hellip; <a href=\"http:\/\/mielenaukea.fi\/?page_id=290\">Lue loppuun <span class=\"meta-nav\">&rarr;<\/span><\/a><\/p>\n","protected":false},"author":1,"featured_media":0,"parent":0,"menu_order":0,"comment_status":"closed","ping_status":"closed","template":"","meta":{"footnotes":""},"class_list":["post-290","page","type-page","status-publish","hentry"],"_links":{"self":[{"href":"http:\/\/mielenaukea.fi\/index.php?rest_route=\/wp\/v2\/pages\/290","targetHints":{"allow":["GET"]}}],"collection":[{"href":"http:\/\/mielenaukea.fi\/index.php?rest_route=\/wp\/v2\/pages"}],"about":[{"href":"http:\/\/mielenaukea.fi\/index.php?rest_route=\/wp\/v2\/types\/page"}],"author":[{"embeddable":true,"href":"http:\/\/mielenaukea.fi\/index.php?rest_route=\/wp\/v2\/users\/1"}],"replies":[{"embeddable":true,"href":"http:\/\/mielenaukea.fi\/index.php?rest_route=%2Fwp%2Fv2%2Fcomments&post=290"}],"version-history":[{"count":1,"href":"http:\/\/mielenaukea.fi\/index.php?rest_route=\/wp\/v2\/pages\/290\/revisions"}],"predecessor-version":[{"id":292,"href":"http:\/\/mielenaukea.fi\/index.php?rest_route=\/wp\/v2\/pages\/290\/revisions\/292"}],"wp:attachment":[{"href":"http:\/\/mielenaukea.fi\/index.php?rest_route=%2Fwp%2Fv2%2Fmedia&parent=290"}],"curies":[{"name":"wp","href":"https:\/\/api.w.org\/{rel}","templated":true}]}}